Suppose 7859 = 30*m - 2641. What is the highest common divisor of 245 and m?
35
Suppose 2*j - 15 = 7*j, -w + j = -37. Let r be (1003/236)/(2/176). Calculate the greatest common divisor of r and w.
34
Suppose -l - 32 - 20 = -2*i, l = -0*l. What is the greatest common factor of i and 48?
2
Let o = -3131 - -3137. What is the highest common divisor of 942 and o?
6
Let n(h) = h**3 + 12*h**2 + 21*h + 12. Let z be n(-10). Let k be ((-111)/z)/(-3 + (-92)/(-32)). What is the highest common factor of k and 12?
12
Suppose 702 = 3*t - m + 51, 4*t - 890 = 5*m. What is the highest common factor of t and 473?
43
Let g(o) = o**3 + 17*o**2 - 20*o + 43. Let j be g(-18). Let k = j - 62. Calculate the greatest common factor of 51 and k.
17
Let n(z) = -25 - 5*z + 18 + 3*z + z + 14. Let r be n(-13). Calculate the highest common factor of r and 20.
20
Suppose 13*y - 281 = 16*y - 4*s, 2*y = -3*s - 159. Let d be (-2 - -5 - 2)/((-3)/y). What is the highest common factor of d and 261?
29
Let o(k) = -k - 70. Let p be o(0). Suppose 504 = 135*v - 141*v. Let x = p - v. What is the highest common divisor of x and 154?
14
Suppose 12*f + 4*f - 7539 = 29837. What is the greatest common factor of 12 and f?
4
Suppose -4*a - 3*x = -176, -a + 201 = 4*a - x. Let f = 44 - a. Suppose 96 = 8*j - 4*j. What is the highest common factor of f and j?
3
Let r = 90 - 134. Let i = r - -109. Suppose 0 = -108*m + 111*m - 78. Calculate the greatest common divisor of m and i.
13
Suppose -19*d = -10*d. Suppose d = 8*u + 660 - 876. What is the highest common factor of u and 216?
27
Let d(x) = -x**2 - 22*x - 33. Suppose 2 = -v, 0*i - 3*i + 2*v = 62. Let c = 2 + i. Let o be d(c). Calculate the greatest common divisor of 77 and o.
7
Let b be 2186 - (4 - (12 - 7)). Suppose 24*j = b + 5925. Calculate the highest common divisor of j and 26.
26
Let r(p) = -2*p**3 + 147*p**2 + 74*p + 22. Let o be r(74). What is the highest common divisor of 451 and o?
11
Let c(f) = -149 - 152 + 292 + 3*f. Let h be c(5). Calculate the greatest common factor of 6 and h.
6
Let t = 1908 - 1901. Let i = -54 - -105. Suppose -2 + i = m. Calculate the greatest common factor of m and t.
7
Suppose -2*n + 67*h + 13268 = 68*h, -2*n + 13212 = -6*h. Calculate the greatest common factor of 10 and n.
10
Let p be 0 - ((-1)/1 - -40). Let r be (-1 - p)/(1/9). Suppose n - 47 = t, -4*t - 44541 = -n - 44467. Calculate the highest common factor of n and r.
38
Suppose 3*v + 1349 - 4100 = -5*u, 5*u = -2*v + 1834. Calculate the greatest common divisor of 524 and v.
131
Let h = -966 + 1054. Suppose 90*f - 86*f = h. Let w = 6 + -4. Calculate the highest common divisor of w and f.
2
Suppose -60*v + 5 = -59*v. Suppose -v = -3*c + 25. What is the highest common divisor of c and 25?
5
Let m(t) = 80*t + 1688. Let u be m(-21). Calculate the greatest common factor of 3144 and u.
8
Suppose -3*k = -4*x + 298, x + 388*k - 82 = 390*k. Suppose 488 = 4*m + 96. What is the highest common factor of m and x?
14
Let g be ((-76)/(-16))/((-8)/288). Let k = -138 - g. Calculate the greatest common factor of 9 and k.
3
Suppose -22*f + 42284 + 48365 = -39767. Calculate the highest common divisor of f and 190.
38
Let n = 124 - -170. Let m = -677 - -803. What is the greatest common factor of m and n?
42
Suppose -100 = -5*j + 5*v, j + 2*v - 5*v = 24. Suppose j*t - 5*o + 2506 = 21*t, -3*o - 826 = -t. Calculate the highest common factor of 104 and t.
104
Let f = -229 + 244. Suppose f*c = 12*c + 159. What is the greatest common divisor of c and 53?
53
Let s = -3 - -8. Suppose 3*f + 29*v - 207 = 23*v, -4*v = -5*f + 247. What is the highest common divisor of s and f?
5
Let d = -32187 - -32310. What is the highest common factor of d and 57?
3
Suppose 29*i - 25086 - 91132 = 17849. What is the greatest common factor of i and 69?
69
Let f = 20 + -15. Let q(l) be the first derivative of l**3/3 - 3*l**2/2 + 7*l - 3. Let z be q(7). Calculate the greatest common factor of z and f.
5
Let a(s) = 2*s**2 + 198*s - 1026. Let m be a(5). What is the greatest common divisor of m and 10822?
14
Suppose -15470*o + 38796 = -15466*o. Calculate the greatest common factor of o and 159.
159
Let h be ((-1)/(-2))/(20/129240). Suppose -h = -13*f - 501. Calculate the highest common divisor of f and 20.
10
Let w be (55695/(-10))/((-59)/118). Calculate the highest common divisor of w and 79.
79
Suppose -190*f - 2469 = -6649. Calculate the highest common factor of 6017 and f.
11
Let w be ((-4)/10)/(366/(-365) - -1). Calculate the highest common factor of 9344 and w.
146
Suppose -24 = 3*f - 3*b, 0 = -3*f - 2*f - 2*b - 26. Let y be 2 + 316 + f/(6/(-5)). Calculate the greatest common divisor of y and 17.
17
Let m(s) = 12*s**2 - 10*s + 58. Let x be m(7). What is the highest common divisor of 72 and x?
72
Let g(d) = -d - 14. Let z = 87 - 113. Let u be g(z). What is the greatest common factor of 30 and u?
6
Let o be (-4)/(-10)*-1*(-1875 - (-5 + 0)). Calculate the greatest common divisor of o and 8.
4
Suppose -63 - 36 = -11*c. Suppose 2*o = -o - c, m - 3*o - 301 = 0. Calculate the greatest common factor of m and 73.
73
Suppose -2*u - 204 = -3*i, i + 0*i - u - 68 = 0. Suppose -2*k = 3*b - 259, 43*b + 431 = 48*b + 3*k. What is the highest common factor of b and i?
17
Let x = 117425 + -117327. Let a(l) = l**2 + 6*l + 7. Let v be a(-7). What is the greatest common factor of v and x?
14
Suppose -2*s + 385 = 5*i + 3*s, 0 = 5*i - s - 415. Let q(c) = -89*c - i*c + 166*c. Let n be q(-6). What is the greatest common factor of n and 15?
15
Let w be (36/27)/((-8)/(-30)). Suppose g - 5*g - 243 = -5*r, r - 288 = w*g. Let j = g - -69. Calculate the greatest common factor of j and 84.
12
Let u(i) = 1491*i + 266. Let q be u(6). What is the greatest common factor of q and 14?
14
Let r(x) = x**3 + 19*x**2 - 64*x + 95. Let p be r(-22). Calculate the highest common divisor of 68 and p.
17
Let c = -4 + -12. Let w = c + 52. Suppose 27 = 3*a - 27. What is the greatest common factor of a and w?
18
Let r(y) = -24*y**2 + 122*y - 68. Let c be r(4). What is the greatest common factor of 324 and c?
36
Suppose -122*x - 1836 = -60*x - 64*x. Calculate the highest common divisor of 238 and x.
34
Suppose 590*x = 585*x + 20. Let y = -7 + 32. Suppose 199 = x*s - y. What is the greatest common factor of 8 and s?
8
Suppose 5*b - 3*b = 810. Let u = b + -245. Let s be 4/(-10) - 204/(-10). Calculate the greatest common divisor of s and u.
20
Let z = -36082 + 37025. Calculate the greatest common divisor of z and 328.
41
Let q = 94 - 42. Suppose 0 = -54*b + q*b + 140. What is the greatest common divisor of 350 and b?
70
Let r(c) = 2*c**2 + 13*c + 6. Let w be 100/(-16) - (-1)/4. Let o be r(w). Suppose 3*m + m - 992 = o. Calculate the greatest common divisor of 31 and m.
31
Let h(t) = -t + 12. Let k be h(3). Suppose -3*b = -6*b + k. Suppose 2*i - 19 = 5*m, 2*m = b*m + 3. Calculate the greatest common divisor of 8 and i.
2
Let d(i) = -9*i + 42. Let y be d(2). Let l be ((-156)/y)/13*(-2 + -132). Calculate the highest common divisor of l and 335.
67
Let f = 15 + -47. Let i = f - -127. What is the highest common factor of i and 38?
19
Suppose -1254 = -218*l + 196*l. Calculate the greatest common factor of 1862 and l.
19
Suppose -3*s + 2215 = -p, -5*p = 6 - 1. Calculate the greatest common factor of 36 and s.
18
Suppose -311 - 532 = -g. Suppose -22*w + g = 249. Calculate the greatest common divisor of 9 and w.
9
Let t = -70 + 81. Suppose -2*x + 1624 = -3*p, 3*x + 5*p - 1138 = 1241. Calculate the greatest common divisor of t and x.
11
Let y = -246 - -426. Let c = 9 + -18. Let f(v) = v**3 + 10*v**2 + 6*v - 7. Let r be f(c). What is the highest common factor of r and y?
20
Suppose -4*r = -20, j - r + 2 = -7. Let y(u) = -6*u - 15. Let c be y(j). Suppose -c*n + 13*n = 80. What is the greatest common divisor of 4 and n?
4
Suppose -89*u = 170*u - 4192 - 16528. What is the greatest common divisor of u and 6920?
40
Suppose -39 = -3*n + 4*z, 11*z = -2*n + 14*z + 26. Calculate the highest common factor of 2574 and n.
13
Let s(b) = 247*b**2 - 31*b + 143. Let i be s(4). What is the highest common divisor of i and 22?
11
Let c be (3 - 2)/(-2)*0. Suppose 3*p - 20 = 4*a + 29, -4*p + 2*a + 82 = c. What is the highest common factor of 253 and p?
23
Let l be (10 + (-1 - 0/(-3)))*15.